 x(-3). Suppose -4*p = v - 10, -6*p = -3*p - z. List the prime factors of v.
2
Suppose 5*h + 5*o = 420, 4*o - 3*o = 4. Suppose 7*f - h = 3*f. What are the prime factors of f?
2, 5
Suppose 5*d + 58 = 3*g, 2*d = -2 + 10. Let c = g - 18. List the prime factors of c.
2
Let z(a) = -a**2 + 12*a + 18. List the prime factors of z(10).
2, 19
Suppose -m + 0*m - 5 = 0, -5*h + 15 = m. Suppose -3*w - 48 = -3*z, -2*w = h*z + 9 - 43. What are the prime factors of z?
11
Suppose -2*b + 3*b = 11. Suppose -2*n + 22 = -2*o, -2*n = -3*n - o + b. List the prime factors of n.
11
Let y be -2*2 - (2 - 1). Let j(g) = -7*g - 5. Let r be j(y). Suppose -5*f = -10*f + r. What are the prime factors of f?
2, 3
Let m(p) = p**3 - p**2 + p + 1. Let h be m(2). Let b be h - 0 - (0 - -2). Suppose 4*t + 2*f = f + 26, 4*t - 14 = b*f. List the prime factors of t.
2, 3
Let k(g) = -2*g - 2. Let r be k(-2). Let o be r*-1 + 3 + 2. Suppose -o*n + 9 + 6 = 0. List the prime factors of n.
5
Let c = 4 + 0. Suppose 5*d + v + v = 159, 2*d + c*v - 54 = 0. List the prime factors of d.
3, 11
Let c(g) = -g**2 + 6*g + 9. List the prime factors of c(7).
2
Suppose s = 4*s - 3*g - 15, -5*g = 25. Suppose -3*q = -s*q - 18. List the prime factors of q.
2, 3
Suppose 4*f - 821 + 141 = 0. Suppose 3*a + f = 4*m, 4*a + 212 = 5*m - 0*a. List the prime factors of m.
2, 11
Let y(v) = 9*v**2 + 3*v**2 - 4*v**2 + v**3 - 4*v + 10*v. What are the prime factors of y(-7)?
7
Let w = 0 - -64. Suppose -5*x = -w - 11. What are the prime factors of x?
3, 5
Let f(v) = -2*v + 8. Let x be f(6). Let y = x - -16. What are the prime factors of y?
2, 3
Let z(g) = -g**3 + 12*g**2 + 2*g - 7. List the prime factors of z(12).
17
Let v = -14 - -28. List the prime factors of 12/3*v/8.
7
Let c(f) = -f**2 - 5*f + 6. Let g be c(-6). List the prime factors of 9 - (-3 - (g + -3)).
3
Suppose j - 38 = -c + 3, 46 = j + 2*c. Let a = j - 11. What are the prime factors of a?
5
Let d be (6/(-4))/(6/(-8)). What are the prime factors of d/(-6)*(-33 + 0)?
11
Let z(a) be the third derivative of a**4/12 - 5*a**3/6 - 3*a**2. List the prime factors of z(9).
13
Let d = -11 + 28. What are the prime factors of d?
17
Suppose x + 4*z + 5 = z, -3*x = 4*z. Suppose 0 = 4*m + x*u - 40, -u + 26 = 2*m + m. What are the prime factors of m?
2
Suppose -78 = -s + 3. What are the prime factors of s?
3
Let r = 18 + -13. Suppose 8 = -4*t - 4*c, t + 14 = r*c + 42. Suppose -3 = -j + t. List the prime factors of j.
2, 3
Suppose -2*r = -4*n - 124, -3*n + 0*r - 95 = -r. What are the prime factors of 1*(2 + -4 - n)?
31
Suppose 0 = -4*x + 4*r + 4 + 8, -r - 8 = 4*x. Let n(h) = -3*h - 1. Let f be n(x). Suppose -2*g + 20 = f*g, 5*y - 2*g - 50 = 0. What are the prime factors of y?
2, 3
Let s(n) = n**3 + 9*n**2 + 8*n + 5. Let h be s(-7). Suppose m + 0*o - h = 4*o, 3*m - 108 = o. List the prime factors of m.
5, 7
Let i = 50 + -16. List the prime factors of i.
2, 17
Let h = 37 + -6. List the prime factors of h.
31
Suppose -4*c + x + 11 = 2*x, c - 24 = 4*x. Suppose 2*k = -0*k + c. List the prime factors of k.
2
Suppose -2*c + v + 17 = -0, 3*v = -3. List the prime factors of c.
2
List the prime factors of (-1*6)/((-6)/44).
2, 11
Let l = -47 - -91. What are the prime factors of l?
2, 11
Let a(g) = -g**2 + 9*g - 8. Let v be a(8). Suppose -b - 3*b + 56 = v. List the prime factors of b.
2, 7
Suppose -t = 3*m, 0*m = -2*m + 2*t + 8. What are the prime factors of m/(2/(-36)*-2)?
3
Let r = 124 - 2. List the prime factors of r.
2, 61
Suppose 0 = -5*t - 5 + 25. Suppose 2*x - 18 = -t*q, -2*q = 2*q - 2*x - 6. Suppose 2 + q = u. What are the prime factors of u?
5
Let z = -99 - -201. What are the prime factors of z?
2, 3, 17
Let m = 11 + -8. Suppose -w = -2*n + 3, 3 = 3*n - m. List the prime factors of 0/4 + 6*w.
2, 3
Let q = 13 + 64. What are the prime factors of q?
7, 11
Let y = -453 + 205. List the prime factors of 2/8 + y/(-32).
2
Let a(k) = 289*k**2 + 5*k. What are the prime factors of a(1)?
2, 3, 7
Suppose 0*t = 4*t - 468. List the prime factors of t.
3, 13
Suppose -21 = -4*h + h + 5*o, h + 5*o = -13. List the prime factors of h.
2
Let t(l) = 2*l**2 + l - 21. What are the prime factors of t(-9)?
2, 3, 11
Let w(v) = 2*v**2 + v. Let h be w(-1). Suppose -a - h = -4*g + 17, 5*a = -3*g + 2. What are the prime factors of g?
2
Let g be 2/8 + (-14)/(-8). Suppose -5*f + g*h + 27 = 0, 2*f + 2*h = 5*f - 17. Suppose 0*k - f*k + 35 = 0. What are the prime factors of k?
7
Let a(b) = 15*b**2 - 17*b + 6. List the prime factors of a(6).
2, 3, 37
Let k(t) = t**2 - 6*t + 10. Let v be k(5). Let l = 7 - -8. Suppose 2*f + 5*c = -v, -5*c - 5 = -f + l. List the prime factors of f.
5
Let v(j) = j**2 + 7*j - 29. Let u be v(-10). Let g(p) = -p**3 + 5*p**2. Let m be g(5). Suppose m = -t + u + 2. List the prime factors of t.
3
Let t(z) = -z**3 + 4*z**2 - 4*z + 1. Let n be t(3). List the prime factors of (-21)/((-9)/(-12)*n).
2, 7
Let j(b) = b**3 + 4*b**2 - 2*b - 6. Let f be j(-4). Suppose 4 = h - f. List the prime factors of h.
2, 3
Let r(v) = -2*v**2 - 35*v - 16. List the prime factors of r(-15).
59
Let g(i) = -i**2 + 9*i - 3. Let r be g(8). Suppose -r*n + 47 = 7. Suppose -n - 5 = -x - c, -10 = -2*c. List the prime factors of x.
2
Let f(l) = l**3 - 10*l**2 + 8*l + 3. Let t be f(9). What are the prime factors of ((-39)/(-4))/(t/(-16))?
2, 13
Suppose -y + 3 = 1. What are the prime factors of 2 + 0 + 5 + y?
3
Suppose 0 = 5*h - 2*h - 87. List the prime factors of h.
29
Let t = 116 + -24. Suppose -4*l - 20 = -t. Let r = l + -4. What are the prime factors of r?
2, 7
Let k(q) = 3*q**2 + 2*q + 1. Let w be k(-1). What are the prime factors of (w - -3)*265/25?
53
Let q(j) = -j**2 - j + 103. List the prime factors of q(0).
103
Let w(a) = 1 + 2 - a**2 - 1 - 5*a. List the prime factors of w(-3).
2
Let k = -558 + 812. Suppose 5*t + 2*w = -0*w + k, 0 = -w + 2. What are the prime factors of t?
2, 5
Let f = 4 + -2. List the prime factors of 1/((-3)/(-27)) + f.
11
Suppose -3 = -z, -z + 12 + 2 = h. What are the prime factors of h?
11
Suppose c - 49 + 3 = 0. What are the prime factors of c?
2, 23
Let k(w) = w**3 - 2*w - 2*w**3 - 8 - 7*w**2 + 7*w - w. Let v be k(-8). Suppose 0 = -2*r + 8, -2*j + 0*j + v = 2*r. What are the prime factors of j?
2
Suppose 4 = -4*n - 2*a - 2*a, 3*n + 23 = 2*a. Let b be n - -3 - (7 - -2). Let t(z) = z**3 + 11*z**2 + 12. List the prime factors of t(b).
2, 3
Let s(m) = -m - 2. Let h be s(-7). Suppose -5*q - 25 = 2*z, 5*z + 0*q + q + h = 0. Suppose -2*j - 3*j + 55 = z. List the prime factors of j.
11
Let y(w) = -21*w**3 - 2*w - 1. Let b(l) = -l + 3. Let o be b(4). List the prime factors of y(o).
2, 11
Let x(m) = m**2 - 16*m - 23. What are the prime factors of x(21)?
2, 41
List the prime factors of 115 + (2 - -2) - (3 - 1).
3, 13
Let r be (-1)/3 - 29/3. Let q = r + 30. Suppose -3*i + q = 2*i. What are the prime factors of i?
2
Let o(p) = 2*p**2 + 4*p - 3. Let i be o(-6). Let d = 71 - i. Suppose -3*f + d = m, -m = -f - f + 19. List the prime factors of f.
3
Suppose 3*c - 2 = c. Let y = 1 + c. What are the prime factors of 6 + y + -3 + 4?
3
Let w be 74/4 + (-2)/4. Let l(b) = b + 1. Let n be l(1). Suppose -6 = -n*o + w. What are the prime factors of o?
2, 3
Let i(z) = 6*z - 4. List the prime factors of i(11).
2, 31
Suppose -5*n = -4*t - 12, t = -4*t + 10. Suppose -k + 129 = n*v, 0 = -4*v - 3*k - 0*k + 139. What are the prime factors of v?
31
Suppose -4*h = -47 - 37. List the prime factors of h.
3, 7
Let q(c) = 7*c - 1. Let k be q(-7). Let z = k + 70. Suppose -5*b = -0*b - z. List the prime factors of b.
2
Let b(f) = -16*f - 5. Let y be b(-3). Suppose -5*z + y + 7 = 5*x, -5 = 5*x. What are the prime factors of z?
11
Suppose -2*o + 7*o = -d + 67, -d + 15 = o. List the prime factors of o.
13
Suppose 12 = w - 8. Suppose 0 = -2*s + 4 - w. List the prime factors of (-78)/s + (-3)/(-12).
2, 5
Let q be 14/3 + (-16)/(-12). Let u(m) = m**3 - 3*m**2 + 2*m - 2. Let b be u(3). Let v = q + b. What are the prime factors of v?
2, 5
Let u(b) = 2*b - 7. Let r be (-1)/(-4) + (-35)/(-4). Let g = 15 - r. List the prime factors of u(g).
5
Suppose -f = -4*w + 2*w - 20, 3*f + 60 = -4*w. Let p = w - -17. What are the prime factors of p?
5
Suppose -4*b + 16 = -4*i, -2*i + 0 - 2 = 0. Suppose -s = b*s. List the prime factors of 1*6/3 - s.
2
Let q